5259 a prime number?
False
Is 35298959 a composite number?
False
Is 47266459 prime?
True
Is 4452983 a composite number?
True
Is 44501 prime?
True
Is 436027133 a composite number?
True
Is 106508371 prime?
False
Is 8549377 prime?
False
Is 30941237 a composite number?
False
Is 23931923 composite?
False
Is 24292585 prime?
False
Is 62334449 a composite number?
False
Is 25701131 composite?
True
Is 500701 a composite number?
True
Is 28838009 a prime number?
True
Is 49593421 prime?
True
Is 9254569 a prime number?
True
Is 193838243 a prime number?
False
Is 2242127 a prime number?
True
Is 9027817 composite?
True
Is 1638331 prime?
True
Is 2013691 a composite number?
True
Is 5890435 a composite number?
True
Is 26986271 a prime number?
False
Is 36751573 a composite number?
False
Is 1807891 composite?
False
Is 786355 prime?
False
Is 37589897 a prime number?
True
Is 13529699 composite?
False
Is 4876653 a composite number?
True
Is 20243 a prime number?
False
Is 65678573 prime?
False
Is 7221439 composite?
False
Is 6583259 a prime number?
False
Is 8171363 a composite number?
True
Is 719678177 a composite number?
True
Is 3172739 prime?
False
Is 370583141 a composite number?
True
Is 13174307 a composite number?
False
Is 778237 prime?
True
Is 4600439 composite?
False
Is 4864477 a prime number?
False
Is 15817243 composite?
True
Is 4328921 composite?
False
Is 2270705 a composite number?
True
Is 5777133 a composite number?
True
Is 69760969 a composite number?
False
Is 4102057 prime?
False
Is 790169 a prime number?
True
Is 32827321 a prime number?
False
Is 439469 a prime number?
False
Is 1383287 a prime number?
True
Is 1399 a composite number?
False
Is 69618637 prime?
False
Is 8061587 a composite number?
True
Is 22937087 composite?
False
Is 50928571 composite?
False
Is 1757849 composite?
False
Is 149124481 a composite number?
True
Is 2353607 a prime number?
False
Is 4019759 composite?
True
Is 55456811 prime?
False
Is 17116427 a composite number?
False
Is 5973029 composite?
False
Is 276276451 a composite number?
True
Is 1825129 a composite number?
False
Is 70626889 composite?
False
Is 368224057 a composite number?
False
Is 754553 a prime number?
False
Is 75142451 a prime number?
False
Is 1144621 a composite number?
False
Is 5376163 a composite number?
True
Is 27238423 prime?
True
Is 20211377 composite?
False
Is 869223919 a prime number?
True
Is 5897789 composite?
True
Is 21367543 prime?
False
Is 311832947 a composite number?
True
Is 981173 a prime number?
True
Is 19593493 prime?
False
Is 209392861 prime?
True
Is 281609 a composite number?
False
Is 1383323 composite?
False
Is 535179343 prime?
True
Is 152383379 composite?
False
Is 5007001 a prime number?
True
Is 1337501 prime?
False
Is 11024501 a prime number?
True
Is 100272083 a composite number?
True
Is 12409991 a composite number?
True
Is 89918102 a prime number?
False
Is 7699183 prime?
False
Is 1486057 a composite number?
False
Is 29113547 a prime number?
True
Is 558814 prime?
False
Is 21482303 a prime number?
True
Is 1897403 a prime number?
True
Is 13812301 prime?
True
Is 649669 prime?
False
Is 215417131 a composite number?
False
Is 43362677 a composite number?
True
Is 7074701 a prime number?
True
Is 2466787 composite?
False
Is 35688579 prime?
False
Is 126897247 a prime number?
True
Is 26337 a composite number?
True
Is 22755001 prime?
False
Is 1062577 composite?
True
Is 12108031 prime?
False
Is 7198501 composite?
True
Is 27726169 composite?
True
Is 597737851 a prime number?
True
Is 17357999 a prime number?
False
Is 1539761 composite?
True
Is 1308893 a prime number?
False
Is 20813963 a prime number?
True
Is 3975827 composite?
False
Is 28143301 a composite number?
True
Is 502729 a prime number?
True
Is 4589654 composite?
True
Is 901857889 a prime number?
True
Is 351097 composite?
False
Is 21250757 a prime number?
False
Is 2925991 prime?
False
Is 20966963 composite?
True
Is 31477657 composite?
False
Is 27253717 prime?
True
Is 517907 prime?
False
Is 99193 a composite number?
True
Is 6156679 prime?
False
Is 174240577 a prime number?
False
Is 41701481 prime?
True
Is 33927209 a prime number?
True
Is 31723277 a prime number?
False
Is 87399773 prime?
False
Is 171009805 a prime number?
False
Is 8308327 prime?
False
Is 18891401 prime?
True
Is 42033071 a composite number?
False
Is 834937 composite?
True
Is 3466209 composite?
True
Is 11882807 a prime number?
True
Is 42729899 a composite number?
False
Is 4415347 prime?
False
Is 4408093 prime?
True
Is 144539 a composite number?
False
Is 3721449 a prime number?
False
Is 8144957 a prime number?
True
Is 394611223 a prime number?
False
Is 1509617 prime?
False
Is 24047861 composite?
False
Is 262545991 a composite number?
False
Is 89561 a composite number?
False
Is 5550527 prime?
False
Is 5260183 a composite number?
False
Is 2479483 composite?
False
Is 238573 a composite number?
False
Is 21103143 a prime number?
False
Is 2416181 a composite number?
True
Is 353363 a prime number?
False
Is 308326543 prime?
False
Is 15376979 a prime number?
True
Is 1080593 prime?
False
Is 34374973 composite?
False
Is 14417927 a prime number?
True
Is 15900439 a composite number?
True
Is 24507193 prime?
False
Is 26658829 a composite number?
False
Is 3783233 composite?
True
Is 57167239 a prime number?
True
Is 471287 a prime number?
False
Is 5020361 a prime number?
False
Is 180530921 composite?
False
Is 992507 prime?
False
Is 97637497 prime?
True
Is 69889487 a composite number?
False
Is 32545637 composite?
False
Is 219309887 a composite number?
False
Is 3601607 a composite number?
False
Is 5490262 prime?
False
Is 104201 prime?
False
Is 14604133 prime?
False
Is 2135845 prime?
False
Is 17712523 prime?
True
Is 94821193 a composite number?
False
Is 4688129 a prime number?
False
Is 3853733 a prime number?
False
Is 86022121 a prime number?
True
Is 3153191 a prime number?
True
Is 15693479 composite?
False
Is 3405079 a prime number?
True
Is 10581709 composite?
True
Is 96940799 composite?
False
Is 11016139 composite?
True
Is 60052519 a prime number?
True
Is 20224229 a prime number?
True
Is 2835277 a composite number?
True
Is 9672359 a prime number?
True
Is 2067601 prime?
False
Is 10317563 prime?
False
Is 32178323 a composite number?
False
Is 29646611 a prime number?
True
Is 15046487 a prime number?
True
Is 81985663 prime?
False
Is 31371217 composite?
True
Is 532973927 prime?
False
Is 9787979 a prime number?
False
Is 349820637 prime?
False
Is 175249941 a prime number?
False
Is 308654171 composite?
True
Is 7969217 a prime number?
True
Is 14431 a prime number?
True
Is 28955917 prime?
False
Is 17392985 a composite number?
True
Is 345841 prime?
False
Is 4756385 composite?
True
Is 316662419 composite?
False
Is 262411 a prime number?
True
Is 1815287 a composite number?
False
Is 57103594 composite?
True
Is 105107759 a composite number?
False
Is 2779561 a prime number?
True
Is 1133789 a composite number?
False
Is 1329421 prime?
False
Is 64249457 a prime number?
False
Is 352945433 composite?
True
Is 67685489 composite?
False
Is 2456609 a composite number?
False
Is 3108421 a composite number?
True
Is 1621051 prime?
False
Is 48844283 prime?
True
Is 127059419 composite?
False
Is 18737419 composite?
True
Is 589273 a prime number?
True
Is 18979289 composite?
True
Is 97624283 a prime number?
True
Is 1960241 a prime number?
False
Is 278130979 a composite number?
True
Is 40309195 a prime number?
False
Is 19310009 composite?
False
Is 265154467 a prime number?
True
Is 730894499 a composite number?
False
Is 50057947 a composite number?
False
Is 5084017 composite?
False
Is 27457039 a composite number?
False
Is 3152749 composite?
False
Is 4826659 composite?
True
Is 81226709 a composite number?
True
Is 5573549 a composite number?
False
Is 150176863 a prime number?
True
Is 4788533 a composite number?
False
Is 219273 prime?
False
Is 53829091 prime?
True
Is 36992707 a composite number?
True
Is 122281 a prime number?
False
Is 11222161 a composite number?
False
Is 4833599 composite?
True
Is 19592599 prime?
False
Is 113371633 a prime number?
True
Is 23816669 composite?
False
Is 17791651 composite?
False
Is 407599 composite?
False
Is 96097 prime?
True
Is 3825823 prime?
True
Is 16850737 prime?
True
Is 164492413 a composite number?
True
Is 643891